{"id":7,"date":"2025-03-04T17:10:32","date_gmt":"2025-03-04T17:10:32","guid":{"rendered":"https:\/\/relaxed-ganguly.85-215-157-26.plesk.page\/?page_id=7"},"modified":"2025-03-05T16:16:09","modified_gmt":"2025-03-05T16:16:09","slug":"inicio","status":"publish","type":"page","link":"https:\/\/hormigonpavizzara.com\/","title":{"rendered":"Inicio"},"content":{"rendered":"\n<div class=\"wp-block-cover alignfull\" style=\"border-style:none;border-width:0px;border-radius:0px;min-height:720px;aspect-ratio:unset;\"><span aria-hidden=\"true\" class=\"wp-block-cover__background has-background-dim\" style=\"background-color:#5b3a14\"><\/span><img loading=\"lazy\" decoding=\"async\" width=\"720\" height=\"1599\" class=\"wp-block-cover__image-background wp-image-30\" alt=\"\" src=\"https:\/\/relaxed-ganguly.85-215-157-26.plesk.page\/wp-content\/uploads\/2025\/03\/WhatsApp-Image-2025-03-04-at-18.36.08.jpeg\" data-object-fit=\"cover\" srcset=\"https:\/\/hormigonpavizzara.com\/wp-content\/uploads\/2025\/03\/WhatsApp-Image-2025-03-04-at-18.36.08.jpeg 720w, https:\/\/hormigonpavizzara.com\/wp-content\/uploads\/2025\/03\/WhatsApp-Image-2025-03-04-at-18.36.08-135x300.jpeg 135w, https:\/\/hormigonpavizzara.com\/wp-content\/uploads\/2025\/03\/WhatsApp-Image-2025-03-04-at-18.36.08-461x1024.jpeg 461w, https:\/\/hormigonpavizzara.com\/wp-content\/uploads\/2025\/03\/WhatsApp-Image-2025-03-04-at-18.36.08-692x1536.jpeg 692w\" sizes=\"auto, (max-width: 720px) 100vw, 720px\" \/><div class=\"wp-block-cover__inner-container is-layout-flow wp-block-cover-is-layout-flow\">\n<div class=\"inherit-container-width wp-block-group alignwide is-layout-constrained wp-block-group-is-layout-constrained\"><style> .animation-9ffd89f7-9fb5-4dd7-a1d4-f82662278bfd{transform:translateX(50px);opacity:0%;}<\/style>\n<div data-scroll data-scroll-id=\"9ffd89f7-9fb5-4dd7-a1d4-f82662278bfd\" class=\"wp-block-media-text alignwide has-media-on-the-right is-stacked-on-mobile is-vertically-aligned-center animation-9ffd89f7-9fb5-4dd7-a1d4-f82662278bfd\" style=\"padding-top:0;padding-bottom:0;grid-template-columns:auto 28%\"><div class=\"wp-block-media-text__content\">\n<h1 class=\"wp-block-heading has-text-align-left has-white-color has-text-color\" id=\"hormigon-pavizzara\">Hormig\u00f3n Pavizzara<\/h1>\n\n\n\n<p class=\"has-white-color has-text-color\">Hormig\u00f3n impreso y pullido pavizzara, aqu\u00ed si hay calidad!<\/p>\n\n\n\n<div class=\"wp-block-buttons is-layout-flex wp-block-buttons-is-layout-flex\">\n<div class=\"wp-block-button ggs\"><a class=\"wp-block-button__link has-black-background-color has-background wp-element-button\" href=\"#ggs\">\u2b50<\/a><\/div>\n<\/div>\n<\/div><figure class=\"wp-block-media-text__media\"><img loading=\"lazy\" decoding=\"async\" width=\"768\" height=\"768\" src=\"https:\/\/relaxed-ganguly.85-215-157-26.plesk.page\/wp-content\/uploads\/2025\/03\/fjasnebtno12epvfq3s5pi6dmks5.png\" alt=\"\" class=\"wp-image-33 size-full\" srcset=\"https:\/\/hormigonpavizzara.com\/wp-content\/uploads\/2025\/03\/fjasnebtno12epvfq3s5pi6dmks5.png 768w, https:\/\/hormigonpavizzara.com\/wp-content\/uploads\/2025\/03\/fjasnebtno12epvfq3s5pi6dmks5-300x300.png 300w, https:\/\/hormigonpavizzara.com\/wp-content\/uploads\/2025\/03\/fjasnebtno12epvfq3s5pi6dmks5-150x150.png 150w\" sizes=\"auto, (max-width: 768px) 100vw, 768px\" \/><\/figure><\/div>\n<\/div>\n<\/div><\/div>\n\n\n\n<div class=\"wp-block-group alignfull ggs has-ast-global-color-5-background-color has-background is-layout-constrained wp-container-core-group-is-layout-2 wp-block-group-is-layout-constrained\" style=\"padding-bottom:0px\">\n<div class=\"wp-block-ps2id-block-target\" id=\"ggs\"><\/div>\n\n\n\n<div class=\"wp-block-columns are-vertically-aligned-top is-layout-flex wp-container-core-columns-is-layout-1 wp-block-columns-is-layout-flex\">\n<div class=\"wp-block-column is-layout-flow wp-block-column-is-layout-flow\"><style> .animation-50c5b818-ce23-479b-8310-cda85d9ddf29{clip-path:inset(0% 100% 0% 0%);}<\/style>\n<p data-scroll data-scroll-id=\"50c5b818-ce23-479b-8310-cda85d9ddf29\" class=\"has-text-align-center animation-50c5b818-ce23-479b-8310-cda85d9ddf29\">En <strong>Hormig\u00f3n Pavizzara<\/strong> somos especialistas en la instalaci\u00f3n y dise\u00f1o de pavimentos decorativos, utilizando hormig\u00f3n impreso, pulido, fratasado y rayado vertical. Nuestra experiencia y compromiso nos ha consolidado como una empresa l\u00edder en la creaci\u00f3n de superficies elegantes, funcionales y duraderas en <strong>Valencia<\/strong>, <strong>Castell\u00f3n<\/strong> y <strong>Alicante<\/strong>.<\/p>\n<\/div>\n<\/div>\n<\/div>\n\n\n\n<div class=\"wp-block-group alignfull is-layout-constrained wp-container-core-group-is-layout-3 wp-block-group-is-layout-constrained\" id=\"services\" style=\"padding-top:144px;padding-bottom:0px\">\n<h2 class=\"wp-block-heading\" id=\"varias-opciones\">Varias opciones&#8230;<\/h2>\n\n\n\n<div class=\"wp-block-columns is-layout-flex wp-container-core-columns-is-layout-2 wp-block-columns-is-layout-flex\" style=\"margin-top:50px\">\n<div class=\"wp-block-column is-layout-flow wp-container-core-column-is-layout-2 wp-block-column-is-layout-flow\">\n<figure class=\"wp-block-image size-full has-custom-border animated bounceIn delay-500ms o-anim-offset-1px wp-duotone-unset-1\"><img loading=\"lazy\" decoding=\"async\" width=\"720\" height=\"956\" src=\"https:\/\/relaxed-ganguly.85-215-157-26.plesk.page\/wp-content\/uploads\/2025\/03\/opcion-1.jpg\" alt=\"\" class=\"wp-image-42\" style=\"border-width:5px;border-radius:38px\" srcset=\"https:\/\/hormigonpavizzara.com\/wp-content\/uploads\/2025\/03\/opcion-1.jpg 720w, https:\/\/hormigonpavizzara.com\/wp-content\/uploads\/2025\/03\/opcion-1-226x300.jpg 226w\" sizes=\"auto, (max-width: 720px) 100vw, 720px\" \/><\/figure>\n\n\n\n<h3 class=\"wp-block-heading\" id=\"comunidad-valenciana\" style=\"margin-top:16px\">Comunidad Valenciana<\/h3>\n\n\n\n<p class=\"\">Trabajamos en toda la comunidad Valenciana, Alicante, Denia y tambi\u00e9n en Oliva.<\/p>\n<\/div>\n\n\n\n<div class=\"wp-block-column is-layout-flow wp-container-core-column-is-layout-3 wp-block-column-is-layout-flow\">\n<figure class=\"wp-block-image size-full has-custom-border animated bounceIn delay-500ms wp-duotone-unset-2\" style=\"margin-top:0;margin-bottom:0\"><img loading=\"lazy\" decoding=\"async\" width=\"720\" height=\"960\" src=\"https:\/\/relaxed-ganguly.85-215-157-26.plesk.page\/wp-content\/uploads\/2025\/03\/opcion-2.jpg\" alt=\"\" class=\"wp-image-43\" style=\"border-width:5px;border-radius:38px\" srcset=\"https:\/\/hormigonpavizzara.com\/wp-content\/uploads\/2025\/03\/opcion-2.jpg 720w, https:\/\/hormigonpavizzara.com\/wp-content\/uploads\/2025\/03\/opcion-2-225x300.jpg 225w\" sizes=\"auto, (max-width: 720px) 100vw, 720px\" \/><\/figure>\n\n\n\n<h3 class=\"wp-block-heading\" id=\"xativa\" style=\"margin-top:16px\">X\u00e0tiva<\/h3>\n\n\n\n<p class=\"\">Trabajamos en X\u00e0tiva y estamos dispuestos a brindar un servicio excelente.<\/p>\n<\/div>\n\n\n\n<div class=\"wp-block-column is-layout-flow wp-container-core-column-is-layout-4 wp-block-column-is-layout-flow\">\n<figure class=\"wp-block-image size-full has-custom-border animated bounceIn delay-500ms\"><img loading=\"lazy\" decoding=\"async\" width=\"720\" height=\"960\" src=\"https:\/\/relaxed-ganguly.85-215-157-26.plesk.page\/wp-content\/uploads\/2025\/03\/opcion-3.jpg\" alt=\"\" class=\"wp-image-44\" style=\"border-width:5px;border-radius:38px\" srcset=\"https:\/\/hormigonpavizzara.com\/wp-content\/uploads\/2025\/03\/opcion-3.jpg 720w, https:\/\/hormigonpavizzara.com\/wp-content\/uploads\/2025\/03\/opcion-3-225x300.jpg 225w\" sizes=\"auto, (max-width: 720px) 100vw, 720px\" \/><\/figure>\n\n\n\n<h3 class=\"wp-block-heading\" id=\"benidorm\" style=\"margin-top:16px\">Benidorm<\/h3>\n\n\n\n<p class=\"\">Por lo que se puede ver en las fotos la perfecci\u00f3n es algo que nos tomamos bastante en serio.<\/p>\n<\/div>\n<\/div>\n<\/div>\n\n\n\n<div class=\"wp-block-group alignfull has-ast-global-color-5-background-color has-background is-layout-constrained wp-container-core-group-is-layout-5 wp-block-group-is-layout-constrained\" id=\"about\" style=\"padding-top:143px;padding-bottom:144px\">\n<div class=\"wp-block-media-text alignwide has-media-on-the-right is-stacked-on-mobile is-vertically-aligned-center\" style=\"border-style:none;border-width:0px;border-radius:0px;margin-top:0;margin-right:0;margin-bottom:0;margin-left:0;padding-top:0;padding-bottom:0\"><div class=\"wp-block-media-text__content\">\n<h3 class=\"wp-block-heading has-text-align-left\" id=\"nuestro-equipo-esta-aqui-para-ofrecerles-un-trato-unico\" style=\"padding-right:0px\">Nuestro equipo esta aqu\u00ed para ofrecerles un trato \u00fanico<\/h3>\n\n\n\n<div class=\"inherit-container-width wp-block-group is-layout-constrained wp-container-core-group-is-layout-4 wp-block-group-is-layout-constrained\" style=\"padding-right:80px\">\n<p class=\"\"><mark style=\"background-color:rgba(0, 0, 0, 0)\" class=\"has-inline-color has-ast-global-color-7-color\"><em><strong>Desde<\/strong><\/em><\/mark> <strong>Hormig\u00f3n Impreso<\/strong><\/p>\n\n\n\n<p class=\"\"><strong>Hormig\u00f3n pulido<\/strong><\/p>\n\n\n\n<p class=\"\"><strong>Hormig\u00f3n fratasado<\/strong><\/p>\n\n\n\n<p class=\"\"><strong>Hormig\u00f3n rayado vertical<\/strong><\/p>\n\n\n\n<p class=\"\"><mark style=\"background-color:rgba(0, 0, 0, 0)\" class=\"has-inline-color has-ast-global-color-7-color\"><strong><em>Hasta<\/em><\/strong><\/mark> <strong>Monocapa Impreso<\/strong><\/p>\n<\/div>\n<\/div><figure class=\"wp-block-media-text__media\"><img loading=\"lazy\" decoding=\"async\" width=\"720\" height=\"720\" src=\"https:\/\/relaxed-ganguly.85-215-157-26.plesk.page\/wp-content\/uploads\/2025\/03\/maticccc8.jpeg\" alt=\"\" class=\"wp-image-77 size-full\" srcset=\"https:\/\/hormigonpavizzara.com\/wp-content\/uploads\/2025\/03\/maticccc8.jpeg 720w, https:\/\/hormigonpavizzara.com\/wp-content\/uploads\/2025\/03\/maticccc8-300x300.jpeg 300w, https:\/\/hormigonpavizzara.com\/wp-content\/uploads\/2025\/03\/maticccc8-150x150.jpeg 150w\" sizes=\"auto, (max-width: 720px) 100vw, 720px\" \/><\/figure><\/div>\n<\/div>\n\n\n\n<div class=\"wp-block-group alignfull has-ast-global-color-4-background-color has-background is-layout-constrained wp-container-core-group-is-layout-6 wp-block-group-is-layout-constrained\" id=\"reviews\">\n<figure class=\"wp-block-image aligncenter size-full\"><img decoding=\"async\" src=\"https:\/\/relaxed-ganguly.85-215-157-26.plesk.page\/wp-content\/themes\/astra\/inc\/assets\/images\/starter-content\/avatar.png\" alt=\"\" class=\"wp-image-235\"\/><\/figure>\n\n\n\n<p class=\"has-text-align-center\" style=\"font-size:22px;line-height:1.6\">\u201cContrat\u00e9 los servicios de Pavizzara para la reforma de mi jard\u00edn y la entrada de mi casa, y no podr\u00eda estar m\u00e1s satisfecho con el resultado. Optamos por un pavimento de hormig\u00f3n impreso que imita la piedra, y el acabado es espectacular.\u201d<\/p>\n\n\n\n<p class=\"has-text-align-center\"><strong><strong>Carlos G\u00f3mez, Valencia<\/strong><\/strong><\/p>\n<\/div>\n\n\n\n<div class=\"wp-block-group alignfull is-layout-constrained wp-container-core-group-is-layout-7 wp-block-group-is-layout-constrained\" id=\"whyus\" style=\"padding-top:144px;padding-bottom:144px\">\n<h2 class=\"wp-block-heading\" id=\"por-que-elegirnos\"><strong>\u00bfPor Qu\u00e9 Elegirnos?<\/strong><\/h2>\n\n\n\n<div class=\"wp-block-columns is-layout-flex wp-container-core-columns-is-layout-3 wp-block-columns-is-layout-flex\" style=\"margin-top:60px\">\n<div class=\"wp-block-column is-layout-flow wp-container-core-column-is-layout-5 wp-block-column-is-layout-flow\">\n<figure class=\"wp-block-image size-large animated bounce fast\"><img decoding=\"async\" src=\"https:\/\/relaxed-ganguly.85-215-157-26.plesk.page\/wp-content\/themes\/astra\/inc\/assets\/images\/starter-content\/passionate.svg\" alt=\"\" class=\"wp-image-162\"\/><\/figure>\n\n\n\n<h3 class=\"wp-block-heading has-medium-font-size\" id=\"experiencia-y-calidad\" style=\"margin-top:16px\"><strong>Experiencia y Calidad<\/strong><\/h3>\n\n\n\n<p class=\"\">Con m\u00e1s de 5 a\u00f1os en el sector, ofrecemos soluciones personalizadas para cada tipo de proyecto, siempre con los materiales de la m\u00e1s alta calidad.<\/p>\n<\/div>\n\n\n\n<div class=\"wp-block-column is-layout-flow wp-container-core-column-is-layout-6 wp-block-column-is-layout-flow\">\n<figure class=\"wp-block-image size-large animated bounce fast\"><img decoding=\"async\" src=\"https:\/\/relaxed-ganguly.85-215-157-26.plesk.page\/wp-content\/themes\/astra\/inc\/assets\/images\/starter-content\/professional.svg\" alt=\"\" class=\"wp-image-163\"\/><\/figure>\n\n\n\n<h3 class=\"wp-block-heading has-medium-font-size\" id=\"amplia-variedad-de-acabados\" style=\"margin-top:16px\">Amplia Variedad de Acabados<\/h3>\n\n\n\n<p class=\"\">Desde el hormig\u00f3n impreso hasta el monocapa, tenemos la soluci\u00f3n adecuada para cada necesidad y estilo, adapt\u00e1ndonos a tus preferencias.<\/p>\n<\/div>\n\n\n\n<div class=\"wp-block-column is-layout-flow wp-container-core-column-is-layout-7 wp-block-column-is-layout-flow\">\n<figure class=\"wp-block-image size-large animated bounce fast\"><img decoding=\"async\" src=\"https:\/\/relaxed-ganguly.85-215-157-26.plesk.page\/wp-content\/themes\/astra\/inc\/assets\/images\/starter-content\/support.svg\" alt=\"\" class=\"wp-image-164\"\/><\/figure>\n\n\n\n<h3 class=\"wp-block-heading has-medium-font-size\" id=\"atencion-al-cliente\" style=\"margin-top:16px\">Atenci\u00f3n al Cliente<\/h3>\n\n\n\n<p class=\"\">Nos enorgullece ofrecer un trato cercano y personalizado, asegur\u00e1ndonos de que el resultado final sea exactamente lo que imaginas.<\/p>\n<\/div>\n<\/div>\n<\/div>\n\n\n\n<div class=\"wp-block-group alignfull has-background is-layout-constrained wp-container-core-group-is-layout-8 wp-block-group-is-layout-constrained\" id=\"contact\" style=\"background:linear-gradient(135deg,rgb(252,185,0) 0%,rgba(161,101,5,0.84) 47%,rgb(255,105,0) 100%);padding-top:104px;padding-bottom:104px\">\n<h2 class=\"wp-block-heading has-text-align-center has-ast-global-color-8-color has-text-color\" id=\"hormigon-pavizzara\">Hormig\u00f3n Pavizzara<\/h2>\n\n\n\n<h2 class=\"wp-block-heading has-text-align-center has-black-color has-text-color has-link-color has-small-font-size wp-elements-45b747ec88aa36a4ada95df302d5827d\" id=\"principales-zonas-de-trabajo-de-hormigon-impreso-en-valencia\">Principales zonas de trabajo de&nbsp;<strong>Hormig\u00f3n impreso en Valencia<\/strong><\/h2>\n\n\n\n<p class=\"has-text-align-center has-black-color has-text-color has-link-color has-small-font-size wp-elements-d25f0ac542319880ebabd3b9a76f239f\">Zonas hormig\u00f3n impreso, Hormig\u00f3n impreso en Alfafar, Hormig\u00f3n impreso en Alcora, Hormig\u00f3n impreso en Albal, Hormig\u00f3n impreso en Alberic, Hormig\u00f3n impreso en Alboc\u00e0sser, Hormig\u00f3n impreso en Alcasser, Hormig\u00f3n impreso en Alcoy, Hormig\u00f3n impreso en Alcudia, Hormig\u00f3n impreso en Alzira, Hormig\u00f3n impreso en Alfarp, Hormig\u00f3n impreso en Alginet, Hormig\u00f3n impreso en Altea, Hormig\u00f3n impreso en Alicante, Hormig\u00f3n impreso en Balcon de Montroy, Hormig\u00f3n impreso en Benicasim, Hormig\u00f3n impreso en Benidorm, Hormig\u00f3n impreso en Benissa, Hormig\u00f3n impreso en Betera, Hormig\u00f3n impreso en Bicorp, Hormig\u00f3n impreso en Bu\u00f1ol, Hormig\u00f3n impreso en Burjasot, Hormig\u00f3n impreso en Calicanto, Hormig\u00f3n impreso en Callosa d\u00b4en Sarria, Hormig\u00f3n impreso en Denia, Hormig\u00f3n impreso en Cumbres Calicanto, Hormig\u00f3n impreso en Cullera, Hormig\u00f3n impreso en Crevillente, Hormig\u00f3n impreso en Cortichelles, Hormig\u00f3n impreso en Colinas de San Antonio, Hormig\u00f3n impreso en Chiva, Hormig\u00f3n impreso en Cheste, Hormig\u00f3n impreso en Chelva, Hormig\u00f3n impreso en Caudete, Hormig\u00f3n impreso en Catadau, Hormig\u00f3n impreso en Castell\u00f3n, Hormig\u00f3n impreso en Casetes Pueblo, Hormig\u00f3n impreso en Cartagena, Hormig\u00f3n impreso en Carlet, Hormig\u00f3n impreso en Carcaixent, Hormig\u00f3n impreso en Camporobles, Hormig\u00f3n impreso en Campolivar, Hormig\u00f3n impreso en Campello, Hormig\u00f3n impreso en Picassent, Hormig\u00f3n impreso en Gandia, Hormig\u00f3n impreso en Godella, Hormig\u00f3n impreso en Godelleta, Hormig\u00f3n impreso en La Eliana, Hormig\u00f3n impreso en La Pobla de Vallbona, Hormig\u00f3n impreso en La Pobla Llarga, Hormig\u00f3n impreso en Lliria, Hormig\u00f3n impreso en Llombay, Hormig\u00f3n impreso en Manises, Hormig\u00f3n impreso en Millares, Hormig\u00f3n impreso en Mislata, Hormig\u00f3n impreso en Mogente, Hormig\u00f3n impreso en Moixent, Hormig\u00f3n impreso en Montroy, Hormig\u00f3n impreso en Montserrat, Hormig\u00f3n impreso en Moraira, Hormig\u00f3n impreso en Ontinyent, Hormig\u00f3n impreso en Naquera, Hormig\u00f3n impreso en Paterna, Hormig\u00f3n impreso en Quart de Poblet, Hormig\u00f3n impreso en Real de Montroy, Hormig\u00f3n impreso en Requena, Hormig\u00f3n impreso en Ribarroja del Turia, Hormig\u00f3n impreso en San Antonio de Benag\u00e9ber, Hormig\u00f3n impreso en Siete Aguas, Hormig\u00f3n impreso en Torrent, Hormig\u00f3n impreso en Turis, Hormig\u00f3n impreso en Vinar\u00f3s, Hormig\u00f3n impreso en X\u00e0tiva, Obras realizadas, Hormig\u00f3n impreso en Gilet, Hormig\u00f3n impreso en La Pobla Llarga, Hormig\u00f3n impreso en Rafelbu\u00f1ol, Hormig\u00f3n impreso en Serra, Hormig\u00f3n Fratasado Valencia, Hormig\u00f3n impreso en Onda, Hormig\u00f3n impreso en San Pedro del Pinatar, Hormig\u00f3n impreso en Sueca, Hormig\u00f3n impreso en El Vedat de Torrent, Hormig\u00f3n impreso en Dos Aguas, Hormig\u00f3n impreso en X\u00e0tiva, Hormig\u00f3n impreso en Vinar\u00f3s, Hormig\u00f3n impreso en Turis, Hormig\u00f3n impreso en Torrent, Hormig\u00f3n impreso en Bocairent, Hormig\u00f3n impreso en Barx, Hormig\u00f3n impreso en Fontanars dels Alforins, Hormig\u00f3n impreso en Font de la Figuera, Hormig\u00f3n impreso en Ontinyent, Hormig\u00f3n impreso en Quatretonda, Hormig\u00f3n impreso en Llutxent, Hormig\u00f3n impreso en Vallada, Hormig\u00f3n impreso en Montesa.<\/p>\n\n\n\n<div class=\"wp-block-buttons alignwide is-horizontal is-content-justification-center is-layout-flex wp-container-core-buttons-is-layout-2 wp-block-buttons-is-layout-flex\" style=\"margin-top:50px\">\n<div class=\"wp-block-button\"><a class=\"wp-block-button__link wp-element-button\">Volver al inicio<\/a><\/div>\n<\/div>\n<\/div>\n\n\n\n<p class=\"\"><\/p>\n","protected":false},"excerpt":{"rendered":"<p>En Hormig\u00f3n Pavizzara somos especialistas en la instalaci\u00f3n y dise\u00f1o de pavimentos decorativos, utilizando hormig\u00f3n impreso, pulido, fratasado y rayado [&hellip;]<\/p>\n","protected":false},"author":1,"featured_media":0,"parent":0,"menu_order":0,"comment_status":"closed","ping_status":"closed","template":"","meta":{"site-sidebar-layout":"no-sidebar","site-content-layout":"plain-container","ast-site-content-layout":"","site-content-style":"default","site-sidebar-style":"default","ast-global-header-display":"","ast-banner-title-visibility":"","ast-main-header-display":"","ast-hfb-above-header-display":"","ast-hfb-below-header-display":"","ast-hfb-mobile-header-display":"","site-post-title":"disabled","ast-breadcrumbs-content":"","ast-featured-img":"","footer-sml-layout":"","theme-transparent-header-meta":"enabled","adv-header-id-meta":"","stick-header-meta":"","header-above-stick-meta":"","header-main-stick-meta":"","header-below-stick-meta":"","astra-migrate-meta-layouts":"default","ast-page-background-enabled":"default","ast-page-background-meta":{"desktop":{"background-color":"var(--ast-global-color-5)","background-image":"","background-repeat":"repeat","background-position":"center center","background-size":"auto","background-attachment":"scroll","background-type":"","background-media":"","overlay-type":"","overlay-color":"","overlay-opacity":"","overlay-gradient":""},"tablet":{"background-color":"","background-image":"","background-repeat":"repeat","background-position":"center center","background-size":"auto","background-attachment":"scroll","background-type":"","background-media":"","overlay-type":"","overlay-color":"","overlay-opacity":"","overlay-gradient":""},"mobile":{"background-color":"","background-image":"","background-repeat":"repeat","background-position":"center center","background-size":"auto","background-attachment":"scroll","background-type":"","background-media":"","overlay-type":"","overlay-color":"","overlay-opacity":"","overlay-gradient":""}},"ast-content-background-meta":{"desktop":{"background-color":"var(--ast-global-color-4)","background-image":"","background-repeat":"repeat","background-position":"center center","background-size":"auto","background-attachment":"scroll","background-type":"","background-media":"","overlay-type":"","overlay-color":"","overlay-opacity":"","overlay-gradient":""},"tablet":{"background-color":"var(--ast-global-color-4)","background-image":"","background-repeat":"repeat","background-position":"center center","background-size":"auto","background-attachment":"scroll","background-type":"","background-media":"","overlay-type":"","overlay-color":"","overlay-opacity":"","overlay-gradient":""},"mobile":{"background-color":"var(--ast-global-color-4)","background-image":"","background-repeat":"repeat","background-position":"center center","background-size":"auto","background-attachment":"scroll","background-type":"","background-media":"","overlay-type":"","overlay-color":"","overlay-opacity":"","overlay-gradient":""}},"_advanced_animation_props":"{\"animations\":{\"fade-in\":{\"id\":\"fade-in\",\"name\":\"fade in\",\"keyframes\":{\"0%\":{\"transform\":{},\"opacity\":\"0%\"},\"100%\":{\"transform\":{},\"opacity\":\"100%\"}}},\"fade-in-left\":{\"id\":\"fade-in-left\",\"name\":\"fade in left\",\"keyframes\":{\"0%\":{\"transform\":{\"translateX\":\"50px\"},\"opacity\":\"0%\"},\"100%\":{\"transform\":{\"translateX\":\"0px\"},\"opacity\":\"100%\"}}},\"fade-in-right\":{\"id\":\"fade-in-right\",\"name\":\"fade in right\",\"keyframes\":{\"0%\":{\"transform\":{\"translateX\":\"-50px\"},\"opacity\":\"0%\"},\"100%\":{\"transform\":{\"translateX\":\"0px\"},\"opacity\":\"100%\"}}},\"fade-in-top\":{\"id\":\"fade-in-top\",\"name\":\"fade in top\",\"keyframes\":{\"0%\":{\"transform\":{\"translateY\":\"50px\"},\"opacity\":\"0%\"},\"100%\":{\"transform\":{\"translateY\":\"0px\"},\"opacity\":\"100%\"}}},\"fade-in-down\":{\"id\":\"fade-in-down\",\"name\":\"fade in down\",\"keyframes\":{\"0%\":{\"transform\":{\"translateY\":\"-50px\"},\"opacity\":\"0%\"},\"100%\":{\"transform\":{\"translateY\":\"0px\"},\"opacity\":\"100%\"}}},\"zoom-in\":{\"id\":\"zoom-in\",\"name\":\"zoom in\",\"keyframes\":{\"0%\":{\"transform\":{\"scale\":\"70%\"},\"opacity\":\"0%\"},\"100%\":{\"transform\":{\"scale\":\"100%\"},\"opacity\":\"100%\"}}},\"zoom-out\":{\"id\":\"zoom-out\",\"name\":\"zoom out\",\"keyframes\":{\"0%\":{\"transform\":{\"scale\":\"130%\"},\"opacity\":\"0%\"},\"100%\":{\"transform\":{\"scale\":\"100%\"},\"opacity\":\"100%\"}}},\"scale-up\":{\"id\":\"scale-up\",\"name\":\"scale up\",\"keyframes\":{\"0%\":{\"transform\":{\"scale\":\"100%\"}},\"100%\":{\"transform\":{\"scale\":\"120%\"}}}},\"scale-down\":{\"id\":\"scale-down\",\"name\":\"scale down\",\"keyframes\":{\"0%\":{\"transform\":{\"scale\":\"100%\"}},\"100%\":{\"transform\":{\"scale\":\"80%\"}}}},\"clip-from-left\":{\"id\":\"clip-from-left\",\"name\":\"reveal from left\",\"keyframes\":{\"0%\":{\"clip-path\":\"inset(0% 100% 0% 0%)\"},\"100%\":{\"clip-path\":\"inset(0% 0% 0% 0%)\"}}},\"clip-from-right\":{\"id\":\"clip-from-right\",\"name\":\"reveal from right\",\"keyframes\":{\"0%\":{\"clip-path\":\"inset(0% 0% 0% 100%)\"},\"100%\":{\"clip-path\":\"inset(0% 0% 0% 0%)\"}}},\"clip-from-top\":{\"id\":\"clip-from-top\",\"name\":\"reveal from top\",\"keyframes\":{\"0%\":{\"clip-path\":\"inset(0% 0% 100% 0%)\"},\"100%\":{\"clip-path\":\"inset(0% 0% 0% 0%)\"}}},\"clip-from-bottom\":{\"id\":\"clip-from-bottom\",\"name\":\"reveal from bottom\",\"keyframes\":{\"0%\":{\"clip-path\":\"inset(100% 0% 0% 0%)\"},\"100%\":{\"clip-path\":\"inset(0% 0% 0% 0%)\"}}},\"text-rotate-intro\":{\"id\":\"text-rotate-intro\",\"name\":\"text rotate intro\",\"keyframes\":{\"0%\":{\"transform\":{\"rotate\":\"-10deg\",\"rotateX\":\"75deg\",\"rotateY\":\"0deg\"},\"opacity\":\"0%\"},\"100%\":{\"transform\":{\"rotate\":\"0deg\",\"rotateX\":\"0deg\",\"rotateY\":\"0deg\"},\"opacity\":\"100%\"}}},\"zoom-rotate\":{\"id\":\"zoom-rotate\",\"name\":\"zoom rotate\",\"keyframes\":{\"0%\":{\"transform\":{\"rotate\":\"180deg\",\"scale\":\"50%\"},\"opacity\":\"0%\"},\"100%\":{\"transform\":{\"rotate\":\"0deg\",\"scale\":\"100%\"},\"opacity\":\"100%\"}}},\"move-up\":{\"id\":\"move-up\",\"name\":\"move up\",\"keyframes\":{\"0%\":{\"transform\":{\"translateY\":\"100%\"}},\"100%\":{\"transform\":{\"translateY\":\"0%\"}}}},\"move-down\":{\"id\":\"move-down\",\"name\":\"move down\",\"keyframes\":{\"0%\":{\"transform\":{\"translateY\":\"-100-%\"}},\"100%\":{\"transform\":{\"translateY\":\"0%\"}}}},\"video-app-intro\":{\"id\":\"video-app-intro\",\"name\":\"video app intro\",\"keyframes\":{\"0%\":{\"transform\":{\"translateX\":\"-300px\",\"scale\":\"300%\",\"rotate\":\"90deg\"}},\"50%\":{\"transform\":{\"translateX\":\"-300px\",\"scale\":\"100%\",\"rotate\":\"0deg\"}},\"100%\":{\"transform\":{\"translateX\":\"0px\",\"scale\":\"100%\",\"rotate\":\"0deg\"}}}}},\"settings\":{\"9ffd89f7-9fb5-4dd7-a1d4-f82662278bfd\":{\"scale-up\":{\"duration\":\"2\",\"delay\":\"1\"},\"fade-in-left\":{\"selector\":true,\"triggerType\":\"onVisible\",\"triggerTarget\":[],\"triggerOnce\":true,\"reverseTarget\":[],\"easing\":\"ease-in-out\",\"duration\":\"2\",\"delay\":\"1\",\"iterationCount\":1,\"direction\":\"normal\"}},\"50c5b818-ce23-479b-8310-cda85d9ddf29\":{\"clip-from-left\":{\"selector\":true,\"triggerType\":\"onVisible\",\"triggerTarget\":[],\"triggerOnce\":true,\"reverseTarget\":[],\"easing\":\"ease-in-out\",\"duration\":\"2\",\"delay\":\"0\",\"iterationCount\":\"1\",\"direction\":\"normal\"}}}}","_moveable":"{}","_advanced_block_media_mapping":[],"footnotes":""},"class_list":["post-7","page","type-page","status-publish","hentry"],"_links":{"self":[{"href":"https:\/\/hormigonpavizzara.com\/index.php?rest_route=\/wp\/v2\/pages\/7","targetHints":{"allow":["GET"]}}],"collection":[{"href":"https:\/\/hormigonpavizzara.com\/index.php?rest_route=\/wp\/v2\/pages"}],"about":[{"href":"https:\/\/hormigonpavizzara.com\/index.php?rest_route=\/wp\/v2\/types\/page"}],"author":[{"embeddable":true,"href":"https:\/\/hormigonpavizzara.com\/index.php?rest_route=\/wp\/v2\/users\/1"}],"replies":[{"embeddable":true,"href":"https:\/\/hormigonpavizzara.com\/index.php?rest_route=%2Fwp%2Fv2%2Fcomments&post=7"}],"version-history":[{"count":81,"href":"https:\/\/hormigonpavizzara.com\/index.php?rest_route=\/wp\/v2\/pages\/7\/revisions"}],"predecessor-version":[{"id":142,"href":"https:\/\/hormigonpavizzara.com\/index.php?rest_route=\/wp\/v2\/pages\/7\/revisions\/142"}],"wp:attachment":[{"href":"https:\/\/hormigonpavizzara.com\/index.php?rest_route=%2Fwp%2Fv2%2Fmedia&parent=7"}],"curies":[{"name":"wp","href":"https:\/\/api.w.org\/{rel}","templated":true}]}}